m = 4*u - 1310, 2*m = 2*u - 929 + 283. Suppose -154 = 2*d - 2*x + 6*x, 5*d + u = 5*x. Let y = d + 104. What is the remainder when y is divided by 12?
11
Suppose -4*a = 3*g - 236, -2*a - 3*g = -51 - 73. Calculate the remainder when a is divided by 19.
18
Let a = -8 - -19. What is the remainder when 32 is divided by a?
10
Let q(w) = 2*w + 39. Calculate the remainder when q(-7) is divided by 14.
11
Let f(i) = -i**3 + 4*i**2 + 3*i - 3. Let u = -1 + 3. Let t = 6 - u. What is the remainder when 25 is divided by f(t)?
7
Suppose -4*h + 91 = -69. Calculate the remainder when h is divided by 14.
12
Let r be 58/3*(-3 - 0). Let v = 198 + r. Suppose -3*g - g = -v. Calculate the remainder when g is divided by 12.
11
Let a(j) = 7*j**3 - 2*j**2 - j + 2. Let i be a(2). Let r = -24 + i. Calculate the remainder when 71 is divided by r.
23
Suppose -75 + 25 = -5*k. Calculate the remainder when 37 is divided by k.
7
Let i = -27 - -9. Calculate the remainder when (39/9)/((-2)/i) is divided by 14.
11
Suppose 0 = 4*w, 6*t + 2*w = 2*t + 176. Suppose -5*g + 3*g = -t. Suppose 0 = -s + 5*k + 13, -4*k - 2 + 6 = s. What is the remainder when g is divided by s?
6
Let v be (-2 + 1)*(-21)/7. Suppose 52 = 7*t - v*t. What is the remainder when 24 is divided by t?
11
Let w be 248/6 + 1/(-3). Suppose y + 0*y = w. Calculate the remainder when y is divided by 21.
20
Suppose -5*h = 3*g - 100 - 151, -3*h + 2*g = -162. What is the remainder when h is divided by (6/8)/((-2)/(-48))?
16
Let o be ((-5)/(-5))/(1/12). Suppose 7*z = 4*z + o. What is the remainder when 7 is divided by z?
3
What is the remainder when 22 is divided by (16/(-24))/(2/(-24))?
6
Let m(q) = q - 5. Let h be m(5). Let z be (-10 - h)/(-1 - -2). What is the remainder when 23 is divided by 2/z - 41/(-5)?
7
Let t = -26 + 44. Let f be 18 + 1/(0 - 1). Suppose -j = 3*k - 20, 7*k - f = 4*k - 4*j. Calculate the remainder when t is divided by k.
4
Let x = 45 + -11. What is the remainder when x is divided by 13?
8
Suppose 4*b - d + 198 = 0, -15 = 4*b - 4*d + 189. Let f = b - -72. What is the remainder when f is divided by 8?
7
Suppose -24 = -7*a + 53. Suppose 4*q + a = -3*j + 79, -72 = -3*j - 3*q. What is the remainder when 110 is divided by j?
26
Suppose i - 2*i = -1. Let s(h) = -h**2 + 7*h - 4. Let g be (36/8)/((-12)/(-16)). Calculate the remainder when s(g) is divided by i.
0
Let k = 138 + -86. What is the remainder when k is divided by 6?
4
Suppose 564 = 5*l + 199. Calculate the remainder when l is divided by 37.
36
Let r be (-430)/(-35) - 2/7. Let q = r - -3. What is the remainder when q is divided by 8?
7
Let u = -5 + 14. Calculate the remainder when u is divided by 5.
4
Let l(x) = -x**3 + 35. Let n be l(0). Let s = -16 + n. Let t(h) = 3*h**2 - 3*h + 1. What is the remainder when s is divided by t(2)?
5
Let f = 6 - -10. Calculate the remainder when ((-423)/(-27))/((-2)/(-6)) is divided by f.
15
Suppose -73 = -3*o - 4*g, 0 = o + g + 2 - 28. What is the remainder when o is divided by 11?
9
Suppose 3*z = 122 - 80. Calculate the remainder when 25 is divided by z.
11
Let z(b) = b + 44. What is the remainder when z(0) is divided by 9?
8
Calculate the remainder when 6/(-8)*-4 - -16 is divided by 3/(-12) + (-174)/(-24).
5
Suppose -3*y + 94 = 4*a, 3*a + a - 124 = -4*y. Suppose -d = d - y. Calculate the remainder when 57 is divided by d.
12
Suppose 0 = 3*y - 134 - 49. Let r(d) = d**3 - 14*d**2 + 52*d - 11. Calculate the remainder when y is divided by r(8).
19
Let r(x) = -2*x - 9. Suppose -2*o + 4*d = 20, -o = -5*d + d + 14. Let g be r(o). Suppose g = -2*s + 7. What is the remainder when s is divided by 1?
0
Let v(z) = -z**3 - z**2 + 1. Let i(q) = 3*q**3 + 3*q**2 - 3*q - 6. Let s(a) = i(a) + 4*v(a). What is the remainder when 15 is divided by s(-2)?
7
Suppose 4*d = 14 + 2. Suppose -2*k + 2 + 2 = 4*p, 0 = 2*p - 4*k - 22. What is the remainder when d is divided by p?
1
Suppose 5*z - 29 = 31. Suppose 5*q - 4*c - 237 = 0, 3*q + c - 123 = -3*c. Calculate the remainder when q is divided by z.
9
Suppose 3*b = 4*b, -5*p = -b - 90. Let m = -3 + 2. Calculate the remainder when 17/((-3)/(-2) + m) is divided by p.
16
Let j(n) = -n**2 + 8*n - 5. Let d = -9 - -13. Calculate the remainder when j(6) is divided by d.
3
Let p be ((-8)/(-2))/((-2)/(-7)). Suppose -4*s = -102 + p. Suppose 0 = 5*j + 18 - 78. What is the remainder when s is divided by j?
10
Let s be ((-36)/2)/(3/(-2)). Let i = -17 + 9. Let j = s - i. What is the remainder when j is divided by 11?
9
Suppose 5*p - 101 = y + 24, -4*p = 5*y - 100. Calculate the remainder when 99 is divided by p.
24
Suppose -288 = -36*i + 30*i. Calculate the remainder when 94 is divided by i.
46
Let n be (-2 + 2)/(-1 + 0). Suppose n = k - 1, c - 2*k + 3 = 44. Calculate the remainder when c is divided by 1/(-1) - 16*-1.
13
Suppose 5*l - 43 = 37. Calculate the remainder when 30 is divided by l.
14
Let i = -23 + 34. Let u = 70 - i. Calculate the remainder when u is divided by 15.
14
Let s = -32 + -18. Let z = -21 - s. Calculate the remainder when z is divided by 10.
9
Suppose 0 = 2*f + 4, 0 = 2*o - 3*f - 32 - 40. Let j = -13 + o. What is the remainder when 37 is divided by j?
17
Let d = -161 + 230. Suppose 2*w + 4*v - 34 = 6*v, w + 2*v - 20 = 0. What is the remainder when d is divided by w?
15
Suppose 3*l + 0*l = 30. Calculate the remainder when 17 is divided by l.
7
Suppose 0 = -9*j + 245 + 961. What is the remainder when j is divided by 35?
29
Let a(f) = -f**2 - 5*f + 3. Let u be a(-5). Suppose 17 = 4*t - u. What is the remainder when (-2)/(-6) - 46/(-6) is divided by t?
3
Suppose 0 = -5*i - 2*n + 27, 2*i + 5 = 3*n + 12. What is the remainder when 12 is divided by i?
2
Suppose 0 = g - j - 15, 8 + 12 = -5*j. What is the remainder when 43 is divided by g?
10
Suppose 5*t - 217 = 418. What is the remainder when t is divided by 32?
31
Suppose 6*g - 2*g = 76. Calculate the remainder when 70 is divided by g.
13
Suppose -15 = 3*n, 7*n + 65 = 3*d + 3*n. Calculate the remainder when 346/5 - 3/d is divided by 24.
21
Let l(n) = -5*n**2 + 11*n - 7. Let m(y) = -9*y**2 + 22*y - 15. Let c(a) = 7*l(a) - 4*m(a). Calculate the remainder when 32 is divided by c(11).
10
Suppose 6 = -2*n - r + 13, 2*n + 13 = 3*r. Suppose 0 = -4*m + 35 + n. What is the remainder when 17 is divided by m?
8
Suppose 2*h + 2*h + 12 = 0. Let t = 13 + h. Suppose -3*j - 2*v + v = -57, -4*v + 57 = 3*j. What is the remainder when j is divided by t?
9
What is the remainder when 149 is divided by 4*(-100)/24*(-6)/2?
49
Let c(s) = 21*s + 6. Let z(l) = 11*l + 3. Let h(k) = -4*c(k) + 7*z(k). Calculate the remainder when 32 is divided by h(-2).
10
Suppose -11 = -3*j - 2*l, -l - 9 = -2*j + 3. Suppose 0*m - 80 = -j*m. Suppose -3*b + b = -94. What is the remainder when b is divided by m?
15
Let q = 21 + -13. Suppose 0 = 3*u - u - 76. Suppose 3*a = -u + 107. What is the remainder when a is divided by q?
7
Suppose 0 = 5*n - m + 3*m - 33, 4*m = -3*n + 17. Calculate the remainder when 75 is divided by n.
5
Suppose 4*z - 4*o + 0*o = 12, 0 = z - 2*o - 6. Suppose z = 3*l - u - 41 + 11, -5*l + 3*u = -50. What is the remainder when 18 is divided by l?
8
What is the remainder when 37 is divided by -7*7/(-343) + (-69)/(-7)?
7
Suppose -h - 3*h + 6 = f, 3*h + 4*f + 2 = 0. Suppose 1 = -3*g + 2*a, g + 0*g + h = a. Let r = 0 - -2. Calculate the remainder when g is divided by r.
1
Suppose 0 = -8*k - k + 243. Let l = 3 - -13. Calculate the remainder when k is divided by l.
11
Suppose -5*r = 3*q + 79, -2*q + 0*r - r = 41. Let h be (32/6)/((-6)/q). What is the remainder when 6 is divided by (h/6)/(10/15)?
2
Let h(w) = -24*w + 1. Let b be h(-1). Suppose -3*v = -8 - b. Calculate the remainder when (-306)/(-10) - 2/(-5) is divided by v.
9
What is the remainder when (2/(-3))/((-8)/60) is divided by 3?
2
Let q = 35 - -9. Calculate the remainder when 219 is divided by q.
43
Suppose 7 = q - 1. Let t = 5 - 8. Let x(m) = -m**3 - 4*m**2 - 4*m. What is the remainder when q is divided by x(t)?
2
Let t = -7 + 34. What is the remainder when t is divided by -2 - 1/(3/(-48))?
13
Suppose c + 3 = -1. Let t = 5 + c. What is the remainder when (-2)/5 - 14/(-10) is divided by t?
0
Let q be 1 + (-2 - 2/(-2)). Suppose -4*y - 5*u = -42, 4*y + 0*u + 4*u - 40 = q. Let d = 77 - 54. Calculate the remainder when 